*p - 492, 6*p + 244 = 7*p - 3*l. What are the prime factors of p?
2
Let y = -1315 - -3174. List the prime factors of y.
11, 13
Let l(o) = -41*o + 4. Let p be l(-4). Let g = -75 + p. What are the prime factors of g?
3, 31
Suppose -43 = -5*h - 23, 0 = 2*f + 4*h - 3948. What are the prime factors of f?
2, 983
List the prime factors of 2/(2/1882*2).
941
Let c be (-22)/55 - 214/(-10). Suppose g + 5*d = -c, 0*d = -5*g + 5*d + 45. What are the prime factors of (4/g)/((-1)/(-7))?
7
Let f = 34 - 22. Suppose 5*h = g + 3, -4 + f = 4*h. What are the prime factors of g?
7
Suppose 3*q + 60 - 279 = 0. Suppose 3*a + q + 9 = g, -3*g = a - 296. What are the prime factors of g?
97
Suppose 54*z = 58*z - 1168. What are the prime factors of z?
2, 73
Suppose 52*r - 8493 = 9759. What are the prime factors of r?
3, 13
Let l be ((-6)/4)/((-15)/160). Suppose -l = -4*j, -t = 3*t + j + 20. List the prime factors of t/21 + 345/7.
7
Let j be (-20)/15*9/(-2). Suppose -2*u - 19 - 1 = 0. Let q = j - u. List the prime factors of q.
2
Suppose 6*x - 5*x - 4*z - 382 = 0, 1985 = 5*x - 5*z. What are the prime factors of x?
2, 3, 67
Suppose 3*l = 2*l + 5. Suppose l*a - 39 = 66. Suppose 0 = -4*t + 3*w - w + 106, 5*w - a = -t. List the prime factors of t.
2, 13
Let w(c) = c**3 + 11*c**2 - 3*c - 11. Let h be w(-11). Suppose -2 = -i + h. What are the prime factors of i?
2, 3
Suppose -5*g - 3*q - 1014 = -4039, 0 = -2*g + 4*q + 1184. List the prime factors of g.
2, 7, 43
List the prime factors of 8290/26 - 6/78*-2.
11, 29
Let b = 3190 + -1975. What are the prime factors of b?
3, 5
Suppose 341*p - 22310 = 331*p. List the prime factors of p.
23, 97
Let t be ((-6)/(-4))/(10/20). Suppose -t*d = -5*b + 350, 251 = 3*b + 3*d + 65. List the prime factors of b.
67
Suppose u = m - 3*m + 9, -3*u + 12 = m. Suppose -3 - 174 = -m*y. What are the prime factors of y?
59
Let o(x) = 44*x**3 + 6*x**2 - 2*x - 3. List the prime factors of o(2).
3, 41
Let j be ((-9)/6)/(15/50). Let x(z) = -2*z**2 - 9*z + 132. Let a(c) = -c**2 - 5*c + 66. Let v(d) = j*a(d) + 3*x(d). What are the prime factors of v(0)?
2, 3, 11
Let d(h) = -h - 9. Let i be d(3). Let y be 15/i*2*-12. Suppose l = 21 + y. List the prime factors of l.
3, 17
Let l(p) = -15*p**2 + 15*p + 201. Let c(a) = -8*a**2 + 8*a + 101. Let r(v) = -11*c(v) + 6*l(v). List the prime factors of r(0).
5, 19
Suppose -2*a - 184 = -2*s, s - 3*s - 4*a + 196 = 0. Let i = -54 + s. List the prime factors of i.
2, 5
Let w(s) = -73*s**3 + s**2 + 4*s + 5. What are the prime factors of w(-2)?
3, 5, 13
List the prime factors of (-738 + 5/5)/(-1).
11, 67
What are the prime factors of 1 + 1660 - ((-13)/(-1) + -6)?
2, 827
Suppose 15 = 3*d + v - 3, -22 = -2*d - 4*v. List the prime factors of 3 + (10 - 1) + -4 + d.
13
Let r(a) = -117*a - 3. Let t = 9 + -10. List the prime factors of r(t).
2, 3, 19
Suppose -6*b + 2*b + 20 = 0. Suppose 4*x - b*x = -2. Suppose 75 = 7*m - x*m. List the prime factors of m.
3, 5
Let h be ((-40)/3)/((-6)/18). Let s = h + -5. Let x = s + -6. List the prime factors of x.
29
Suppose 863 = 4*p + 3*q, -5*q + 330 = 3*p - 320. Let j = -101 + p. What are the prime factors of j?
2, 3, 19
Suppose -r + 7*r = 1080. Suppose d + r = 4*d. List the prime factors of d.
2, 3, 5
Suppose 8*v = -2 - 566. Let g = 210 + v. List the prime factors of g.
139
Let m = 24 + -23. List the prime factors of (168/10)/(2*m/20).
2, 3, 7
Suppose -38*n - 1432 = -40*n. What are the prime factors of n?
2, 179
Suppose 4*x - 1816 = -4*z, 3*x + z - 1539 + 173 = 0. List the prime factors of x.
2, 3, 19
Let c be (4/(-3))/((-4)/3060*3). What are the prime factors of (6 - c - 3)/(1 + -2)?
337
Let t be 6 - 1/(1*(-4 + 3)). Suppose -t*z = -3*z - 276. List the prime factors of z.
3, 23
Let j(y) = -38*y - 47. Let q(b) = 19*b + 23. Let c(t) = -6*j(t) - 13*q(t). What are the prime factors of c(-9)?
2, 7, 11
What are the prime factors of 4 + 2072 + (-8 - (-2 - 1))?
19, 109
Suppose -4*i + 8377 - 1125 = -4*s, 3629 = 2*i - s. List the prime factors of i.
2, 227
Let f(w) = w + 1. Let o be f(4). Let n(v) = v**3 - 6*v**2 + 6*v - 7. Let u be n(o). List the prime factors of 8 + u + -2 + 4.
2
Suppose l - 8*w = -5*w + 227, -922 = -4*l - 2*w. List the prime factors of l.
2, 5, 23
Let k(m) = -61*m + 3. Let a be k(-9). Suppose n + a = 4*n. List the prime factors of n.
2, 23
Let t be ((-4)/5)/(14/(-35)). Let m = t + 6. What are the prime factors of m?
2
Let x(j) = -j**3 - 7*j**2 - 5*j + 6. Let p be x(-6). Let o be 58 - (-3 - (-3 + p)). Suppose -4 = n, 4*u - 5*n = 22 + o. List the prime factors of u.
3, 5
Let g = -126 - -72. Let o = -14 - g. List the prime factors of o.
2, 5
Suppose -4*s + 1150 = 2*x + 296, 5*x - 2079 = 4*s. List the prime factors of x.
419
Let i(l) = l - 10. Let o be i(12). Let c(u) = 0*u + 4 - 2*u - o*u. List the prime factors of c(-4).
2, 5
Let j = -602 + 2101. List the prime factors of j.
1499
Let r be (1 - 0) + -2 + 174. Suppose -307 = -2*u + r. What are the prime factors of u?
2, 3, 5
Suppose 0 = -0*c + 4*c - 40. Let m be (-8)/(-40) - 2/c. Suppose 2*f + 2*n - 38 = 0, 3*f - 6*f + 2*n + 82 = m. What are the prime factors of f?
2, 3
Let z(x) = 8*x + 36. List the prime factors of z(16).
2, 41
Let b = 2694 + -1305. List the prime factors of b.
3, 463
Let l = 214 + 1183. What are the prime factors of l?
11, 127
Let r be 32/240 + 43/15. Suppose r*c + 4*b = 117, 0*b = -5*c - 3*b + 184. List the prime factors of c.
5, 7
Let c = 80 + -401. Let q = 636 + c. What are the prime factors of q?
3, 5, 7
Suppose 23*i = 3668 + 6245. List the prime factors of i.
431
Let q(x) = x**3 + 10*x**2 + 2. Let z be q(-10). Suppose -5*c = -4*c + 2*b - 10, 4*b = z*c - 28. What are the prime factors of c?
2, 3
Let y(b) = -b**3 + 10*b**2 + 5*b - 27. Suppose -3*a = -4*a + 7. List the prime factors of y(a).
5, 31
Let j be 3/(-6) - (-2380)/8. Suppose 4*q = 191 + j. What are the prime factors of q?
2, 61
Suppose 8394 = 16*x + 1018. What are the prime factors of x?
461
Let w = 431 + -65. What are the prime factors of w?
2, 3, 61
Suppose 16*n - 34041 = -5*n. What are the prime factors of n?
1621
Let b = 33 - 33. Suppose -8*i + 10*i - 94 = b. List the prime factors of i.
47
Suppose 3*r + r - z = -12, 3*z - 8 = -2*r. Let p(l) = 3*l + 3 + 0*l + 6*l**2 - l**2. What are the prime factors of p(r)?
17
Suppose -8 = 5*v + 4*x - 2, -4*v = -4*x - 24. Suppose v*g + 2*g = 72. List the prime factors of g.
2, 3
Let k = -126 - -210. Let y be (27/(-1))/((-9)/6). List the prime factors of (k/y)/(2/6).
2, 7
List the prime factors of 108/90*(-30)/(-4)*59.
3, 59
Let n be 6/(-1)*(-3)/9. Suppose -c + 20 = 4*c, 2*c = -n*k. What are the prime factors of (k/(-2))/((-2)/(-28))?
2, 7
Suppose -11 = 9*m - 29. List the prime factors of m.
2
Let a = 34 - 23. Let q = 43 + -29. Suppose -p = -q - a. List the prime factors of p.
5
Suppose 0 = 6*g - 12 + 96. Let p(q) = 3*q + 2. Let j(n) = -n - 1. Let c(k) = -17*j(k) - 6*p(k). What are the prime factors of c(g)?
19
List the prime factors of 6/(12/(-433))*(-1 + -1).
433
Suppose 0 = w - 13 - 66. Suppose -3*f = 2*i + 2*i - 392, -w = -i + 4*f. What are the prime factors of i?
5, 19
Let u be (-76)/16 - -4 - (-7)/4. Let q(k) = 4*k - 3. Let t be q(2). Suppose -t*v + 26 = u. List the prime factors of v.
5
Let z = -9 - -7. Let x = 15 - z. List the prime factors of x.
17
Suppose -6 = 3*m - 5*m, 4*b = -2*m + 162. What are the prime factors of b?
3, 13
Let d(m) be the third derivative of m**4/3 - 17*m**3/6 - 2*m**2. What are the prime factors of d(8)?
47
Suppose 0*b + 5*b = 80. Suppose -b = -3*r + g + g, -g = 2. Suppose 144 = r*n + 36. What are the prime factors of n?
3
Let a(c) = c**3 - 20*c**2 - 18*c - 7. List the prime factors of a(22).
5, 113
Let y(t) be the second derivative of t**5/20 + 5*t**4/12 - 11*t**3/6 + 2*t**2 - 47*t. List the prime factors of y(4).
2, 13
Let s(i) = -53*i + 47. List the prime factors of s(-8).
3, 157
Suppose -2*d = d - 9, 0 = -5*m + d + 7. Suppose 2*b + m = 0, 0 = -2*j - 4*b + 3*b + 3. Suppose j*c = 4*c - 20. What are the prime factors of c?
2, 5
Suppose -3*s + 37 = -1286. List the prime factors of s.
3, 7
Suppose 832 = -14*h + 22406. What are the prime factors of h?
23, 67
Let d be 2 + 158*3/(-6). Let x = d - -146. List the prime factors of x.
3, 23
Suppose -u + 4*q = u - 1094, -5*u = q - 2779. What are the 